{"id":29,"date":"2013-04-06T13:21:36","date_gmt":"2013-04-06T11:21:36","guid":{"rendered":"http:\/\/www.springer.cc\/?page_id=29"},"modified":"2014-02-22T11:46:55","modified_gmt":"2014-02-22T10:46:55","slug":"lehr-coaching","status":"publish","type":"page","link":"http:\/\/as.so-so.net\/?page_id=29","title":{"rendered":"Lehr-Coaching und Beratung"},"content":{"rendered":"<p>Als Expertin im Bereich Gestaltung von Lehr-Lern-Kontexten unterst\u00fctze ich Sie gerne in Ihrer Lehrt\u00e4tigkeit, egal ob in der Pr\u00e4senzlehre, im Kontext von Selbstlernarrangements oder bei E-Learning-Formaten!<\/p>\n<p>Ich biete an:<\/p>\n<p>&#8211; Unterst\u00fctzung bei der Konzeption und\/ oder \u00dcberarbeitung eigener Lehrformate<\/p>\n<p>&#8211; Begleitung von Lehrveranstaltung mit der Zielsetzung der konkreter Verbesserung der didaktischen Kompetenzen im Sinne formativer Evaluation auf individueller oder auch institutioneller Ebene<\/p>\n","protected":false},"excerpt":{"rendered":"<p>Als Expertin im Bereich Gestaltung von Lehr-Lern-Kontexten unterst\u00fctze ich Sie gerne in Ihrer Lehrt\u00e4tigkeit, egal ob in der Pr\u00e4senzlehre, im Kontext von Selbstlernarrangements oder bei E-Learning-Formaten! Ich biete an: &#8211; Unterst\u00fctzung bei der Konzeption und\/ oder \u00dcberarbeitung eigener Lehrformate &#8211; Begleitung von Lehrveranstaltung mit der Zielsetzung der konkreter Verbesserung der didaktischen Kompetenzen im Sinne formativer [&hellip;]<\/p>\n","protected":false},"author":2,"featured_media":0,"parent":21,"menu_order":3,"comment_status":"closed","ping_status":"closed","template":"","meta":{"footnotes":""},"class_list":["post-29","page","type-page","status-publish","hentry"],"_links":{"self":[{"href":"http:\/\/as.so-so.net\/index.php?rest_route=\/wp\/v2\/pages\/29","targetHints":{"allow":["GET"]}}],"collection":[{"href":"http:\/\/as.so-so.net\/index.php?rest_route=\/wp\/v2\/pages"}],"about":[{"href":"http:\/\/as.so-so.net\/index.php?rest_route=\/wp\/v2\/types\/page"}],"author":[{"embeddable":true,"href":"http:\/\/as.so-so.net\/index.php?rest_route=\/wp\/v2\/users\/2"}],"replies":[{"embeddable":true,"href":"http:\/\/as.so-so.net\/index.php?rest_route=%2Fwp%2Fv2%2Fcomments&post=29"}],"version-history":[{"count":3,"href":"http:\/\/as.so-so.net\/index.php?rest_route=\/wp\/v2\/pages\/29\/revisions"}],"predecessor-version":[{"id":65,"href":"http:\/\/as.so-so.net\/index.php?rest_route=\/wp\/v2\/pages\/29\/revisions\/65"}],"up":[{"embeddable":true,"href":"http:\/\/as.so-so.net\/index.php?rest_route=\/wp\/v2\/pages\/21"}],"wp:attachment":[{"href":"http:\/\/as.so-so.net\/index.php?rest_route=%2Fwp%2Fv2%2Fmedia&parent=29"}],"curies":[{"name":"wp","href":"https:\/\/api.w.org\/{rel}","templated":true}]}}

<p>Als Expertin im Bereich Gestaltung von Lehr-Lern-Kontexten unterstütze ich Sie gerne in Ihrer Lehrtätigkeit, egal ob in der Präsenzlehre, im Kontext von Selbstlernarrangements oder bei E-Learning-Formaten!</p>
<p>Ich biete an:</p>
<p>&#8211; Unterstützung bei der Konzeption und/ oder Überarbeitung eigener Lehrformate</p>
<p>&#8211; Begleitung von Lehrveranstaltung mit der Zielsetzung der konkreter Verbesserung der didaktischen Kompetenzen im Sinne formativer Evaluation auf individueller oder auch institutioneller Ebene</p>

<p>Als Expertin im Bereich Gestaltung von Lehr-Lern-Kontexten unterstütze ich Sie gerne in Ihrer Lehrtätigkeit, egal ob in der Präsenzlehre, im Kontext von Selbstlernarrangements oder bei E-Learning-Formaten! Ich biete an: &#8211; Unterstützung bei der Konzeption und/ oder Überarbeitung eigener Lehrformate &#8211; Begleitung von Lehrveranstaltung mit der Zielsetzung der konkreter Verbesserung der didaktischen Kompetenzen im Sinne formativer [&hellip;]</p>
