{"id":11,"date":"2013-04-06T12:43:46","date_gmt":"2013-04-06T10:43:46","guid":{"rendered":"http:\/\/www.springer.cc\/?page_id=11"},"modified":"2014-02-22T11:58:19","modified_gmt":"2014-02-22T10:58:19","slug":"lehre-konzeptentwicklung-lehr-coaching","status":"publish","type":"page","link":"http:\/\/as.so-so.net\/?page_id=11","title":{"rendered":"Lehre"},"content":{"rendered":"<p><strong>Aktuelle Lehrt\u00e4tigkeiten<\/strong><\/p>\n<p>* Hochschuldidaktische Fortbildung L:IST zum Thema &#8222;Arzt-Patient-Kommunikation&#8220; im Auftrag der Gesellschaft f\u00fcr Medizinische Psychologie (<a href=\"http:\/\/www.dgmp-online.de\/video\/LIST_AP-Komm_Webvorstellung.mp4\">Darstellung des Kurskonzepts<\/a>)<\/p>\n<p>* Blockkurse &#8222;Arzt-Patient-Kommunikation&#8220; f\u00fcr das Institut f\u00fcr Medizinische Psychologie der Justus-Liebig-Universit\u00e4t Gie\u00dfen (<a href=\"http:\/\/www.uni-giessen.de\/cms\/fbz\/fb11\/institute\/med_psych\">Zur Webseite des Instituts<\/a>)<\/p>\n","protected":false},"excerpt":{"rendered":"<p>Aktuelle Lehrt\u00e4tigkeiten * Hochschuldidaktische Fortbildung L:IST zum Thema &#8222;Arzt-Patient-Kommunikation&#8220; im Auftrag der Gesellschaft f\u00fcr Medizinische Psychologie (Darstellung des Kurskonzepts) * Blockkurse &#8222;Arzt-Patient-Kommunikation&#8220; f\u00fcr das Institut f\u00fcr Medizinische Psychologie der Justus-Liebig-Universit\u00e4t Gie\u00dfen (Zur Webseite des Instituts)<\/p>\n","protected":false},"author":2,"featured_media":0,"parent":21,"menu_order":0,"comment_status":"closed","ping_status":"closed","template":"","meta":{"footnotes":""},"class_list":["post-11","page","type-page","status-publish","hentry"],"_links":{"self":[{"href":"http:\/\/as.so-so.net\/index.php?rest_route=\/wp\/v2\/pages\/11","targetHints":{"allow":["GET"]}}],"collection":[{"href":"http:\/\/as.so-so.net\/index.php?rest_route=\/wp\/v2\/pages"}],"about":[{"href":"http:\/\/as.so-so.net\/index.php?rest_route=\/wp\/v2\/types\/page"}],"author":[{"embeddable":true,"href":"http:\/\/as.so-so.net\/index.php?rest_route=\/wp\/v2\/users\/2"}],"replies":[{"embeddable":true,"href":"http:\/\/as.so-so.net\/index.php?rest_route=%2Fwp%2Fv2%2Fcomments&post=11"}],"version-history":[{"count":7,"href":"http:\/\/as.so-so.net\/index.php?rest_route=\/wp\/v2\/pages\/11\/revisions"}],"predecessor-version":[{"id":70,"href":"http:\/\/as.so-so.net\/index.php?rest_route=\/wp\/v2\/pages\/11\/revisions\/70"}],"up":[{"embeddable":true,"href":"http:\/\/as.so-so.net\/index.php?rest_route=\/wp\/v2\/pages\/21"}],"wp:attachment":[{"href":"http:\/\/as.so-so.net\/index.php?rest_route=%2Fwp%2Fv2%2Fmedia&parent=11"}],"curies":[{"name":"wp","href":"https:\/\/api.w.org\/{rel}","templated":true}]}}